t s(d) = -3*d**2 - 3*d + 2. What is s(b)?
-16
Let h(l) = -11*l + 0*l**2 + l**3 + 8 - 11*l**2 + 0*l - 6 - 1. What is h(12)?
13
Let g(m) be the second derivative of m**4/6 - m**3 - 7*m**2/2 + 206*m - 1. Calculate g(6).
29
Let h(u) = u + 9. Let f(k) = k + 12. Let l be f(-7). Suppose 0 = 5*p - 20, l*y + 3*p = -1 - 7. What is h(y)?
5
Let d(u) = -u**2 + 4*u - 3. Let q be (-2)/((-30)/(-6) + (-11)/2). Give d(q).
-3
Let j(v) be the second derivative of -13*v**5/20 + v**4/12 - v**3/3 + v**2/2 - 9*v + 3. Give j(1).
-13
Let x = 1043 - 1047. Let c(d) = -d**2 - 1. Let s(z) = 7*z**2 + 3*z + 4. Let o(t) = -6*c(t) - s(t). Calculate o(x).
-2
Let b(q) = -q**3 - 5 - q + 1 - 19*q**2 - 11*q**2 + 34*q**2. Let o be (-1 - -8)*(-12)/14. Let h be 70/30 + (-4)/o. What is b(h)?
2
Let n(z) = 7*z**3 + 7*z**2 - 4*z + 15. Let y(c) = -2*c**3 - c - 2. Let d(u) = -n(u) - 4*y(u). Determine d(6).
5
Let a(t) = 4*t + 3. Suppose 457*m = 465*m - 40. Give a(m).
23
Let c(t) = -t**3 - t**2 + 1. Let a be ((-6)/4)/(3/4). Let d be c(a). Let o(z) = -5*z - 215 + 73*z**2 + 218 - 72*z**2. Determine o(d).
3
Let c(x) = 2328*x**3 - 2*x - 2. Let t be c(-1). Let b be t/84 + 4/(-14). Let z = b - -25. Let s(o) = -o**3 - 5*o**2 - 3*o + 2. What is s(z)?
-7
Let p(r) = r**2 - 3. Let b(w) = w + 19. Suppose -o - 3*j - 22 = 0, -4*o = -4*j - j + 54. Let d be b(o). Calculate p(d).
6
Let l(a) = -1 - 3*a - 11*a + 17*a. Give l(3).
8
Let r(w) = -7*w**2 + 3*w**2 + 3*w**2 + 0*w**2 + 2*w + 2*w + 5. Determine r(-4).
-27
Let k(f) be the third derivative of -1/15*f**5 + 0*f + 0 + 7/24*f**4 + 1/120*f**6 - 28*f**2 - 5/6*f**3. Determine k(4).
23
Let m(v) = -13*v - 3. Let g be m(-2). Let y = g - 22. Let f(k) = -3*k + 6. Let z(d) = -1. Let o(p) = y*f(p) + 3*z(p). What is o(3)?
-6
Let h(d) = d**2 - d. Suppose 6 = -24*j - 42. Calculate h(j).
6
Let j(t) = t**2 + 6*t - 10. Let q = -34 - -29. Let l be 1*q - 9/3. What is j(l)?
6
Let t(g) = -9 + 1014*g + 10 - 1016*g. What is t(4)?
-7
Let y(t) = t**3 - 5*t**2 - t + 6. Suppose m + 4*u = 13, -m = -2*m + 2*u + 43. Let k = -28 + m. Calculate y(k).
1
Suppose -3*r + 5 = -4. Let z be 23/(-92)*2*-4. Let h(g) = -g**r - 12*g + 13*g + 0*g**2 - g**z. What is h(2)?
-10
Let o(r) = -31*r**2 - 25*r**2 + 63*r**2 - 1 - r. Calculate o(1).
5
Let a be 7/(-1) + 21 + -9. Let u(f) be the third derivative of -1/24*f**4 + 0*f + 7/6*f**3 - 1/120*f**6 + 0 + 1/12*f**a + 3*f**2. Determine u(5).
2
Let q(a) = a. Let b(h) = -10*h - 1. Let j(c) = 2*b(c) + 22*q(c). Give j(3).
4
Let p(h) = 2*h**2 - 6*h + 13. Suppose -3*n - 4*a + 54 = -a, 0 = 2*n - 5*a - 1. Let z(o) = -o**2 + 3*o - 6. Let d(w) = n*z(w) + 6*p(w). Give d(5).
-10
Let u(q) = 7*q**2 + 29*q + 28. Let r(s) = -11*s**2 - 44*s - 41. Let b(v) = -5*r(v) - 8*u(v). Determine b(-10).
1
Let c be (22*((-42)/(-12))/(-7))/1. Let i(w) = -w**2 - 14*w - 10. What is i(c)?
23
Let o(u) be the third derivative of -u**7/840 - u**6/45 - u**5/120 - u**4/4 + 19*u**3/6 + 7*u**2. Let c(b) be the first derivative of o(b). Give c(-8).
2
Let j(y) = 2*y**2. Suppose -44 = -5*f + f. Suppose 5*v + w + 6 - 15 = 0, 2*w = -3*v + f. Give j(v).
2
Let u be 2 + -3 - 2/(-2). Let p(m) = m**3 + m + 10. Calculate p(u).
10
Suppose 5*r + 338 = 358. Let f(o) = 5*o + 0*o**3 + o**3 + 1 + 21*o**2 - 26*o**2. What is f(r)?
5
Suppose 2 = 20*v - 19*v. Let k(d) = 2*d**3 - 4*d**2 + d + 2. Calculate k(v).
4
Let q be (2 + 1)*3/9. Let t = 6 - 4. Let j(i) = 0*i**2 - i**2 + 5 + 2*i**t - 6. Calculate j(q).
0
Let t = -316 + 314. Let i(h) = 4*h**3 - 2*h**2 - 4*h - 3. Determine i(t).
-35
Let y(m) = -105*m - 11. Let p(w) = 37*w + 4. Let t(v) = 17*p(v) + 6*y(v). Give t(-2).
4
Let q(a) = 4*a - 3*a - 3 - 2. Let t be 5*(-9)/945*-12 + 62/14. Calculate q(t).
0
Let a(t) = -10*t. Let q(j) = 7*j. Let p be 4 - 1/(3*(-3)/9). Let u(v) = p*a(v) + 7*q(v). Suppose 4*m - 3*m = -5*l + 22, 5*m - 4*l + 35 = 0. Give u(m).
3
Let j(q) be the third derivative of 29 + 1/6*q**4 + 0*q + 2*q**2 + 1/120*q**6 + 1/3*q**3 - 7/60*q**5. Give j(6).
-10
Let r(m) = -m - 5. Let b be (-3)/((-3)/(-9) + 0). Let a be r(b). Let q(v) = 1 + 4*v - 2 - v**2 - 4. Give q(a).
-5
Suppose 4 - 1 = s. Let m(y) = -s*y - 2 + 0 - 1 - 3. Let r(q) = -2*q + 5. Let w be r(5). Calculate m(w).
9
Let f = 6 - 3. Let g be (-3)/(-4) - f/(-12). Let u(q) = -3*q**2 - 6*q + 7. Let y(n) = -4*n**2 - 7*n + 8. Let l(p) = 7*u(p) - 6*y(p). Give l(g).
4
Let o be 23 + -5*(-1)/(-5)*-3. Let k(r) = 10 - 5*r + 6*r + 21 - o. Let b = 2 - 7. What is k(b)?
0
Let v(i) = 57*i**2 + 18*i - 7. Let p(r) = -28*r**2 - 11*r + 4. Let y(o) = 5*p(o) + 3*v(o). Give y(-1).
31
Let f(s) = s**3 - 2*s + 1. Let t(y) = -y**2 + 15*y + 17. Let k be t(16). Determine f(k).
0
Suppose 5*m + 25 - 35 = 0. Let t(p) = p**2 - 3*p - 3. Let f be t(m). Let q(s) = 2*s - 6. Give q(f).
-16
Suppose 0 = 5*r - g - 7, -2*g - 6 = 3*r - 18. Let q(y) = 6*y - 1. Determine q(r).
11
Let k(f) = -f**3 + f + 46. Let a be k(0). Let l = a + -52. Let b(s) = s**3 + 6*s**2 + 2*s - 8. Calculate b(l).
-20
Let h(q) be the first derivative of -q**5/20 - 2*q**4/3 + q**3/6 + 3*q**2 - 20*q - 10. Let m(u) be the first derivative of h(u). Determine m(-8).
-2
Let l(p) = -2*p - 1. Let v = -281 + 276. Give l(v).
9
Let d(h) be the first derivative of -h**4/12 + 2*h**3/3 + h**2/2 + 8*h - 20. Let k(w) be the first derivative of d(w). What is k(3)?
4
Suppose 23 = 2*v + 25. Let f(l) = 7*l. Give f(v).
-7
Let z(n) = -n**3 - 11*n**2 - 4. Suppose -13*g = -14*g + 29. Suppose 7 = -3*h + b - g, b - 14 = h. What is z(h)?
-4
Let n(j) be the third derivative of -3*j**4/8 + 15*j**3/2 - 588*j**2. Give n(5).
0
Let v(s) = s + 1. Let z(r) = -3*r + 1. Let i be z(1). Suppose -28 - 116 = 6*d. Let l be 108/d - i/(-4). Determine v(l).
-4
Suppose -2*x - 129 + 119 = 0. Let j(v) = 6*v + 24. Determine j(x).
-6
Let x = 53 + -34. Let a(n) = -x*n + 2 + 10*n + 10*n. What is a(-3)?
-1
Let y be -5 - (140/15 - (-8)/12). Let i(a) = 3*a + 37. Determine i(y).
-8
Let n(q) be the second derivative of -q**3/2 - q**2 - 28*q - 2. Suppose -4*z + 118 = p + 36, -2*p = 4*z - 84. Suppose -2*o + z = -7*o. Calculate n(o).
10
Let n(r) = -10*r**3 + r**2 - r + 1. Let c = 263 + -262. Give n(c).
-9
Let x = -2 - -3. Let s(u) = 4*u - 6*u + 3*u - 2 - x. Let m be s(5). Let n(l) = 2*l**2 - 3*l + 3. Determine n(m).
5
Let y(t) = t**2 - 3*t - 1. Suppose 78 = 12*w + 42. Calculate y(w).
-1
Let u(b) = -b + 7. Let d(a) be the third derivative of -a**4/12 - 3*a**3/2 + a**2. Let t be d(-6). Let j be u(t). Let p(s) = -s - 1. Determine p(j).
-5
Let p(u) be the second derivative of u**6/720 + u**5/30 - 5*u**4/3 + 16*u. Let t(n) be the third derivative of p(n). Determine t(0).
4
Let m(o) = -o**3 + 4*o**2 - 1. Let s be m(-3). Let y = 66 - s. Let d(j) = j - 3. Determine d(y).
1
Suppose 0 = -5*x + 5*o - 225, 0*o - 4*o - 16 = 0. Let z = -41 - x. Let c(v) = -v + 6. Calculate c(z).
-2
Let x = -1339 + 1339. Let y(o) = 2*o**3 + o - 36. Determine y(x).
-36
Suppose 0*w = -w - 4. Suppose -3*q = -3*n, -2*q - 3*q + 4*n = -4. Let l(m) = -5*m**2 + 2*m**2 + q*m**2 + 6*m. Give l(w).
-8
Let m(l) = -2*l. Let u be (-4)/(-6)*(5 + -2). Suppose u*i = i + 2. Let n be m(i). Let v(k) = -k**3 - 6*k**2 - 6*k. Give v(n).
-8
Suppose 3*i + 5*h = -0*h - 1, 5*i = -3*h + 9. Let v(m) = 5*m + 3*m**2 - 2*m**2 - 4 - 2*m. What is v(i)?
14
Let k(j) be the first derivative of -j**2/2 + 14*j - 107. What is k(0)?
14
Let j(s) = -s**2 + 10*s - 5. Let d be j(10). Let o = d + 3. Let n(b) = -3*b + 1. Let g(t) = -2*t + 1. Let l(i) = 6*g(i) - 5*n(i). Determine l(o).
-5
Let g = 10 - 5. Let a(t) be the third derivative of -t**4/12 + 5*t**3/6 + 4*t**2. Calculate a(g).
-5
Let c(r) = 340 - r**3 - 172 - 170 + 9*r**2 - 2*r. Determine c(8).
46
Let s(o) = -4*o**2 + 3*o**3 + 4*o - o**3 - o**3. Suppose -5*z + 23 = m, 0 = 2*m - 12*z + 17*z - 26. Determine s(m).
3
Let x(j) = -j**2 - 5*j + 6. Suppose 4*r = 422 + 10. Let t be r/14 + 6/21. Suppose -t = l - 0*l + 3*w, -4 = 4*w. Calculate x(l).
6
Let b(g) = g**3 - 16*g**2 + 3*g - 7. Let x(a) = a**2 - a + 5. Let f(c) = -b(c) - 6*x(c). What is f(10)?
7
Let q(a) be the first derivative of -a**4/4 + a**2 + 3*a - 1. Suppose -5*b + 49 = -76. Suppose 4*s + n = -13, -n + 4*n = -5*s - b. Give q(s).
7
Let x be (14/21*7)/((-10)/15). Let o(r) = r**3 + 7*r**2 - r - 5. Calculate o(x).
2
Let d(p) = p**2 - p + 1. Let y(o) = o**2 - o + 1. Let r(g) = -2*d(g) + y(g). Let v be